 - 8*b = -3*b - 1267. Is z composite?
False
Suppose -6*y - 306 = 186. Let x = y - -139. Is x composite?
True
Is 3/((-18)/(-19221)) + 3/(-6) a prime number?
True
Suppose -5*c = -5*m - 30, 0 = c + m - 3*m - 7. Suppose c*x - 6052 = x. Is x composite?
True
Suppose 4*l - 1 = 5*a, -4*l - 11 = -a - 6*l. Suppose 3*d = -b + 916, a*b + 284 = 3*d - 628. Is d composite?
True
Let f(n) = -10*n**3 - 5*n**2 - 2*n - 12. Is f(-5) composite?
False
Let y = 2 - 2. Let z be (0 - 4) + -1 + 5. Suppose z*c + 4*c + 3*r - 1597 = y, -r = 5*c - 1988. Is c composite?
False
Let y(h) = -15*h**2 + 5*h + 6. Let c be y(-3). Let j = 509 + c. Is j prime?
False
Suppose j + 2*x = 192, 2*j - 2*x - 43 = 323. Suppose 5*z + 244 + 164 = 4*v, -2*z = 2*v - j. Is v a prime number?
True
Is (25/(600/(-241744)))/(2/(-3)) a composite number?
True
Let h = 2503 - 1434. Is h composite?
False
Suppose 0 = -5*j + 3*w + w - 42, 0 = j - 2*w + 12. Let z be ((-6)/9)/(j/963). Suppose 3*d - 426 = -4*h + z, 0 = 3*d + h - 536. Is d a prime number?
True
Let i(y) = -y**2 + y + 1. Let l(h) = -23*h**3 - 16*h**2 + h + 10. Let s(x) = 5*i(x) - l(x). Is s(6) composite?
True
Suppose 1618 = 3*b - 5*j, -8*b = -3*b + 5*j - 2710. Is b prime?
True
Let i = 1111 - 677. Suppose 3*q - 115 = -r, -3*r + 4*q = -i + 37. Is r prime?
True
Suppose -19*d + 4*n = -18*d - 10547, -d + 5*n = -10544. Is d a prime number?
True
Suppose -57939 = -10*z - 16019. Suppose -4*p + 8390 = 2*a, -z = -2*p + 2*a - 4*a. Is p a prime number?
True
Let b be 30/(-1) - (-2 + 2). Let d = b + 937. Is d a composite number?
False
Suppose 6*y - 5*x = 3*y + 5893, 0 = 4*y + 3*x - 7838. Is y composite?
True
Suppose -5*y = -3*u + 8110, u + 126*y - 127*y = 2704. Is u composite?
True
Let r(o) = 30*o**2 + 58*o + 67. Is r(30) prime?
True
Let x(k) = -k**3 + 44 - 34 - 5*k - 23 + 11*k**2. Let f be (-12 + 1)/(-1) + -1. Is x(f) a prime number?
True
Let v = -49196 + 131887. Is v a composite number?
True
Let k(i) = -1887*i + 14. Is k(-1) a prime number?
True
Let w(s) = 11*s**3 - s**2 + 7*s - 24. Let c be (-74)/(-14) + 30/(-105). Is w(c) composite?
False
Let r = 12 - 9. Suppose -r*l - 1 = -16. Suppose l*x = -601 + 3206. Is x prime?
True
Let d(z) = z**3 + 4*z**2 + z + 4. Let j be d(-4). Suppose j*i - i = 150. Is 8/(-2) - i/2 prime?
True
Let h = -1094 - -1707. Is h composite?
False
Let a(k) = -474*k + 4. Let x be a(-2). Is x + -1 + -2 + 0 a prime number?
False
Let p(a) = a**3 + 61*a**2 + 53*a - 5. Is p(-58) composite?
False
Suppose 120 = 17*w - 9*w. Let f(d) = -d**3 + 17*d**2 - 17*d - 4. Is f(w) a prime number?
True
Let w be 6414 + (-4 - (-1 + 1)). Is (0 - 2)/((-20)/w) composite?
False
Let z be (-3)/(13/10 + 2 + -3). Is (14/6 - 2)*(-22350)/z prime?
False
Suppose -5*q - 2300 = -q. Suppose 919 + 611 = -5*n. Let y = n - q. Is y prime?
True
Suppose 21548 = -10*b + 93478. Is b a composite number?
False
Let a(k) = -3*k**2 - 4*k + 34. Let c be a(7). Let s = 319 + c. Is s prime?
False
Let m(o) = -890*o**3 - o**2 - 3*o - 1. Is m(-2) a composite number?
False
Let j = 10218 + -7279. Is j a composite number?
False
Suppose 3*n + 2*n - 2*n = 0. Suppose d - 1149 = -2*m, -3*m - 3447 = -3*d - n*d. Is d a composite number?
True
Let g be 18/1 + 4/(-2). Let h(y) = 8 - 3 - g*y**3 + y**2 + 50*y**3 - 6. Is h(1) prime?
False
Is (3 + 4/2)*(-144756)/(-60) prime?
False
Suppose -5*l + 10 = -n + 6*n, n - 14 = 3*l. Let v be 6*17 - (-2 - l). Suppose v + 81 = 2*h. Is h a prime number?
False
Let g(w) be the second derivative of -w**3/2 - 3*w**2/2 - 4*w. Let y be g(-2). Is (y*-1)/((-15)/590) a composite number?
True
Suppose -3*g = -2*g - 0*g. Suppose 3*r - 36 - 597 = g. Is r composite?
False
Let t(r) = r - 5. Let j be t(5). Let n = 7 - 4. Suppose s = n*i + 83, j = 2*s - 5*i - 0*i - 164. Is s composite?
True
Let d be ((-8)/2)/((-3)/186). Suppose 3*t - d - 541 = 0. Is t composite?
False
Let p(r) = r**3 + 12*r**2 + 10*r + 16. Suppose -4*m = -x - 13, -3*x - m - 23 = 2*x. Is p(x) a prime number?
False
Suppose 34*v - 31*v = -12, -5*n - 5*v = -409445. Is n a composite number?
True
Let j = -27 - -23. Let d be (10/j)/(11/(-1474)). Is -4 + 3*d/3 composite?
False
Let a be 17/5 - 3/(-5). Suppose a*l - 2045 = -l. Is l composite?
False
Suppose 2*t + 238 = l, l - 2*t + 952 = 5*l. Suppose -3*c + l + 185 = 0. Is c composite?
True
Suppose -6*m = -5*a - m + 5, 3*a - 28 = -2*m. Let u(o) = 9*o**2 - 7*o - 2. Let q be u(a). Suppose -2*j + 5*p = -231, -5*j = 4*p - 314 - q. Is j composite?
True
Suppose 2*l + 5 = 19. Suppose -758 = -l*m + 5*m. Is m a prime number?
True
Let t(s) = -3*s + 27. Let j(l) = -2*l + 14. Let c(h) = -5*j(h) + 3*t(h). Let x be c(-5). Suppose -x*f + 5*f = -35. Is f a prime number?
False
Let t = 6 - 5. Let r(c) = 36*c + t - 5 + 3. Is r(2) composite?
False
Let r be 4*((-615)/(-6))/5. Let j = -24 + r. Is j*(-2 + (-36)/(-8)) a prime number?
False
Suppose 11*i - 48017 = 258696. Is i a composite number?
False
Let h = 10959 - 5228. Is h a composite number?
True
Suppose 3*f - 3*m - 12 = 0, 5*m - m = f - 10. Suppose 84 = f*p - 0*p. Is (-6)/21 - (-38106)/p a composite number?
False
Let a(p) = -70*p - 28. Let s be a(-8). Suppose 2*o = -126 + s. Is o a prime number?
False
Suppose 0 = -5*l + 14462 + 60153. Is l composite?
False
Let k = -29 - -30. Let j(i) = -105*i - 1. Let d(n) = -n + 1. Let x(m) = -d(m) - j(m). Is x(k) a prime number?
False
Suppose 0 = 3*j + 2*c + 6, 5*j - 9 = 4*j + 3*c. Suppose -10 = -5*l - j. Is l*5/(-10) + 140 prime?
True
Let m = 7004 - 11990. Let v be m/(-39) + 8/52. Suppose -n + 2*d + 273 = -v, -5*n + d + 2041 = 0. Is n a composite number?
False
Suppose 5*w + r = 1250, 2*r - 93 = -3*w + 664. Suppose -d = -2*d + w. Is d a prime number?
False
Suppose -1272*b + 1273*b - 15245 = 0. Is b a prime number?
False
Let p = 100 - 76. Is 554 + p/(-6) + (-3)/(-1) prime?
False
Let j = -24 + 43. Let y = j - 13. Suppose 10 = 5*u, 3*u + y + 10 = 2*x. Is x prime?
True
Is ((-1657)/2)/((-169)/26 + 6) a prime number?
True
Let o = 27 + -24. Let j be 1/(o - 2548/848). Let w = j - -299. Is w a prime number?
False
Let f(d) be the third derivative of -259*d**6/720 + d**4/12 + 6*d**2. Let b(s) be the second derivative of f(s). Is b(-1) a composite number?
True
Suppose p = -9 + 1. Let v(l) = 10*l**2 + 14*l + 7. Is v(p) a composite number?
True
Suppose -3*p = -13*p + 10990. Is p a prime number?
False
Suppose -3*q + 3658 = u - 974, 3092 = 2*q + 2*u. Is q a prime number?
True
Let u be (1 - (-647)/(-4))/((-3)/24). Let t = -703 + u. Is t a prime number?
False
Let w(t) = -t - 4. Let r be w(-7). Suppose -4*y - x + 201 = -585, 6 = -r*x. Suppose 3*i + 5*u - 55 - y = 0, -5*i - 5*u + 430 = 0. Is i composite?
False
Suppose -2*r - 8994 = -3*y - 106365, -2*r = 2*y - 97376. Is r a composite number?
True
Let s be 35/4 + (-6)/(-24). Let b(w) = -w**2 + 10*w + 2. Let h be b(s). Is (518/2)/(-10 + h) a composite number?
True
Let s be 1 + ((-16)/(-4) - 2). Suppose s*r - 13 = -1, 4*j = r + 4. Is -1 - j*(-70 + 3) composite?
True
Suppose 2*z - 5*z = -504. Let a = z - 115. Is a composite?
False
Let g(p) = 216*p**3 + p**2 + 4*p - 3. Is g(4) prime?
False
Let k = 7577 + -3210. Is k a prime number?
False
Let l = 31863 + 44572. Is l a composite number?
True
Let b(f) = 22*f + 109. Is b(12) composite?
False
Let d be (-8)/12*6 + 4. Is d + (271 - (3 + -8 + 2)) prime?
False
Let j(x) = -262*x + 65. Is j(-6) a composite number?
False
Let m = 14470 - 4821. Is m a prime number?
True
Let b(x) = -x**2 + 8*x - 8. Let n be b(6). Suppose -c + n*m + 304 = m, 2*m - 648 = -2*c. Is c a prime number?
False
Let d(w) = -w**2 - 2*w - 23. Let c(t) = -t**2 - 3*t - 24. Let v(r) = 4*c(r) - 5*d(r). Is v(18) a prime number?
True
Let a be 0 + -1 - (12 - 58). Let z(p) = -p**2 - 6*p + 3. Let n be z(-6). Suppose a = 2*b + x + 2*x, n*b = x + 62. Is b prime?
False
Suppose -33157 = -12*a - 8281. Is a a prime number?
False
Let h(r) = 799*r**3 - r**2 - r. Let i be h(-1). Let a = i + 1434. Suppose -6*b + 11*b - a = 0. Is b composite?
False
Let d(j) = 208*j**3 - j**2 + j. Let x be d(1). Let l(z) = 16*z**2 + 3*z - 4. Let h be l(3). Suppose 3*i - x = h. Is i a prime number?
False
Let z(f) = -f**2 + 9. Let k be z(4). Let p(x) = 63*x**2 + 24*x - 10. Is p(k) composite?
False
Suppose 3*l - 25 = 95. Let a be 6/4*l/30. Is (-3 + a)*(-35 - 2) composite?
False
Suppose -29*m - 16 = -25*m. Is m/(-2) + 632/4 + -